 1) + (-55 - -45) + 0 + 9?
4
What is -19 + 27 + 23 + -14?
17
(0 - -2) + (5 - -3 - (-27 + 34))
3
What is -1 - (-2 + (-5 - -4)) - (-42 - -41)?
3
Calculate 35 - -1 - (-241 - -252).
25
What is the value of 22 + -8 + 2 + 10 + -7?
19
Evaluate (0 - 11) + 2 - (7 + -13).
-3
0 + 9 + (-274 - -289)
24
What is the value of -3 + -10 + 5 - (-3 + -14)?
9
-36 - (1 - (1 - (-15 + (5 - -1))))
-27
-4 - (4 - ((7 - 4) + -8))
-13
Calculate (-4 + -8 - 10) + 12.
-10
What is 6 - (4 + -2) - 4?
0
(0 - -5 - -6) + -6 + 0
5
Calculate -31 - (-27 + -37 + 26).
7
Evaluate -2 + 2 - (-11 + 13 + -10).
8
What is the value of (9 + -8 - -19) + (-2 - 0)?
18
What is 16 + (-12 - (0 + 16))?
-12
Evaluate (9 - (-23 + 32)) + -6.
-6
Calculate 1 - 6 - ((-8 + 6 - 4) + -8).
9
What is the value of -76 + 7 - (55 - 87)?
-37
-1 - (-15 - -7 - (2 - 11)) - 7
-9
Evaluate 7 + (-9 + -10 - 9).
-21
(7 - 1) + (-14 - -12) + 1
5
What is the value of 9 + 117 + -110 + 2 + -9?
9
Evaluate (0 - 1) + -17 + 18 - (6 - -2).
-8
What is 18 - (-10 + 13) - 30?
-15
Evaluate -8 - (9 + -6 + 1 + 4 + 3).
-19
16 + (146 - 176) + (3 - 1)
-12
What is the value of -23 + (-11 - 1 - 10) + 13?
-32
Calculate 309 + -326 + (0 - -20).
3
Calculate -18 + -9 + 9 - -11.
-7
12 - (-7 + 12 + -10 - -42)
-25
-1 + -4 + 8 - (3 + -6 + 5)
1
What is the value of (5 - (2 + 1)) + (-6 - (-11 - -1))?
6
Evaluate -92 + 94 + 0 + 14.
16
Calculate -26 + (7 - (-3 + 8 + (-4 - 2))).
-18
What is -18 + 15 + -6 - (0 + -1)?
-8
What is the value of -10 + 14 - (1 - -7) - -24?
20
What is -23 - (16 + -26 + 2)?
-15
What is the value of 1 + -8 - (-6 - (8 + -16)) - 4?
-13
Evaluate -292 + 283 + (3 + -1 - 1).
-8
What is (-1 - (0 + 1)) + (18 - (-14 + 22))?
8
What is 8 - -1 - (-119 + 110 + 0 + 15)?
3
-8 + 5 + 5 - 1
1
What is the value of (-1 - (-7 - -10) - 6 - -1) + -5?
-14
What is the value of -5 + (-27 - -7) + (-2 + 8 - 0)?
-19
Evaluate 19 + -25 - 14 - -32.
12
What is the value of (1 - -7) + 3 - (-9 + 8 + -2)?
14
What is the value of (-6 - (0 + 5 + -13)) + 0?
2
Calculate -15 + 18 + (-4 + -6 + 4 - 14).
-17
(4 + -28 - (2 - 9)) + 8 - 5
-14
20 - (-7 - (-3 - 5) - -7)
12
What is the value of 2 - 0 - 6 - (0 + -6) - -5?
7
What is the value of 57 + -31 + 24 + -18?
32
(0 - -12) + (664 - 660)
16
What is (-13 - -19) + -12 + 16 - (-18 + 1)?
27
Calculate -360 - -375 - (-5 + -1 - 1).
22
Calculate (5 - 27) + 1 - -24.
3
What is the value of -14 + (-5 - 15) - -16?
-18
Calculate -6 + 2 - -10 - (-48 - -50).
4
What is (-16 - 18) + 22 + (6 - 7 - -1)?
-12
What is the value of (-1 - -8) + (-36 - -33) + -14?
-10
0 + 16 + (665 - 703)
-22
What is the value of 6 + -28 + 10 - -11 - (1 - 2)?
0
15 - ((-22 - -8) + 8 - 2)
23
Calculate 0 + 4 + (3 - 6) + -6.
-5
What is (-28 - -58) + -8 + (-4 + 8 - -1)?
27
What is 5 - (11 - (17 - 2)) - (0 - -5)?
4
73 - 96 - (2 - 13)
-12
Evaluate 0 + 3 - (50 + -43).
-4
(-10 + 6 + -8 - -9) + (1 - 15)
-17
Calculate 3 + (6 + -6 - (-4 + 2 + 6)).
-1
5 + -23 + 10 + (-23 - -2)
-29
Evaluate 14 + -9 + (4 - 14).
-5
Evaluate 26 + -6 + -9 - ((1 - -5) + 1).
4
Calculate (15 - (-9 - -12)) + -13.
-1
-21 + -15 + (9 + -3 - -8)
-22
Calculate -1 + (-2 - -2 - 7 - -9) + -6.
-5
Evaluate -16 - (-11 - 15) - 11.
-1
1 + (-3 - -3) - 4 - (-5 - 1)
3
Calculate (-14 - (-5 + 2) - -10) + (12 - 4).
7
Evaluate 4 + 3 + -6 - (64 - 69).
6
What is the value of 9 - (14 + -23 - -19 - (-1 - 19))?
-21
Evaluate (-3 + 10 - -16) + -32.
-9
Evaluate 7 - (21 + 5 + -36).
17
Calculate 1 - -1 - (237 + -248 + (6 - 0)).
7
Evaluate 6 + 11 + -3 + -1 + -7.
6
Evaluate -961 - -954 - (0 - 17).
10
Calculate -39 + (25 - 11) - (1 + -11).
-15
Calculate (7 - 5) + -15 + 6 + 11.
4
Evaluate 0 - (-5 + (-4 - -8)) - (0 + 4).
-3
Calculate (6 - 8) + (2 - 0) - (-41 + 38).
3
Calculate (9 - 19) + 8 - 11.
-13
11 - (-19 + -19) - 27
22
What is the value of (-12 - (16 + -7 - 32)) + -12?
-1
What is the value of 31 + (23 - 10) + 24 + -54?
14
Evaluate 3 + 4 + -192 + 214.
29
Calculate (-7 + 4 - 16) + (109 - 82).
8
(5 - 15) + -13 - (0 - -2)
-25
Calculate 0 - 5 - (-197 - -197).
-5
What is the value of -1 + -1 + 8 + -11 + (-14 - -11)?
-8
What is the value of -4 + -13 - 22 - -36?
-3
What is the value of 9 + (-9 - (-2 + 10)) - -10?
2
What is (19 + -2 + -9 - 4) + -24?
-20
What is the value of (-22 - (-23 + -6)) + -26?
-19
What is 2 - (-16 - -13 - 11)?
16
Calculate -203 - -198 - (-45 + 3).
37
What is the value of -1 + 10 - (-6 + (7 - -20 - 16))?
4
Calculate -5 - 34 - (-3 + (-3 - (8 - 7))).
-32
What is the value of -13 + 9 + -5 + 1 + 1 - 11?
-18
7 + (11 - ((8 - -2) + (0 - 5)))
13
Evaluate 37 + 4 + 43 + -68.
16
2 + 4 - (-30 - -27) - (4 + 36)
-31
Evaluate (384 - 363) + -17 + (-6 - -1).
-1
Calculate -11 - -19 - (4 - -13).
-9
What is 8 + (-10 - 5) - -4 - (1 - 1)?
-3
What is (103 - 81) + -1 + -12?
9
Calculate -6 + 2 + (-10 + 30 - 2).
14
What is (-4 - -3) + -62 + 50 - -34?
21
-232 + 216 - (1 - 32) - 3
12
-10 + 6 - (-2 - 14) - (56 - 74)
30
What is 12 - (2 + -18 + -14 + 28)?
14
What is the value of 9 - -20 - (-12 + 37)?
4
Evaluate 2 - 0 - (3 + 22 + -14).
-9
Evaluate (-9 + (7 - 4) - 8) + (-25 - -25).
-14
What is 24 + (14 - 28) - 23?
-13
Calculate -15 + -4 + 26 - (1 + 17).
-11
-21 - (15 + -25 + -14)
3
What is the value of 6 + -5 + -6 + -2 + 1 - -2?
-4
Calculate 356 - 326 - (19 - 0).
11
(-28 - -1) + 301 + -280
-6
What is the value of -5 - (-11 + -8 + 36 + (-3 - 4))?
-15
What is (-13 - -25) + 0 + 2 + (-13 - -9)?
10
Calculate (6 - (14 - -2) - (0 + -8)) + 6.
4
(-10 - (-36 + 26)) + -24
-24
What is 1 + -2 + -1 + 16 - (-12 - -4)?
22
(-12 - -12) + 0 + 15 + -5
10
Calculate 18 - 4 - -11 - 45.
-20
-19 + (16 - 6) - (-1 + 1)
-9
Evaluate 2 + (-4 - 12 - -15).
1
Calculate (7 - (5 + -1 + 7 + -5)) + 2.
3
Evaluate -10 + 8 + 0 + (-1 - -14).
11
-12 + 20 + -6 - -3
5
What is the value of (0 + -7 - 0) + -4 - -2?
-9
Calculate -6 + 11 + -25 - -8 - (5 - 1).
-16
What is 24 + -10 + -11 + 16?
19
What is the value of -5 - (3 + -2) - ((6 - 7) + -4)?
-1
Evaluate (-2 - (-4 + 12 - (3 - 0))) + -14.
-21
Calculate -39 - (-30 - -16 - 9 - -14).
-30
What is the value of (2 - (-6 - 3)) + (-65 - -46)?
-8
What is the value of 28 + 12 + -15 + -29?
-4
Evaluate (-1 + 12 - 0) + 34 - 7.
38
(125 - 135) + (1 - 4) - -32
19
Evaluate 46 + -38 + -11 + -1 + 5 - -16.
17
What is (-4 - (-6 + -3) - 1) + 4 + -5?
3
Evaluate (0 - (2 + 21)) + (-1098 - -1117).
-4
Calculate (-486 - -486) + (13 - (-2 + 1)).
14
Calculate -1 + 5 - (9 - 4) - (-19 - -31).
-13
-1 + 1 - ((-15 - -26) + 7) - -3
-15
Calculate (6 - (6 + -2 + 3)) + 18.
17
What is the value of 13 - (5 - (12 - 10))?
10
What is the value of -1 + 6 + 5 + (7 - 38 - -1)?
-20
(1 - -6) + (-14 - (-14 + 3)) + -8
-4
20 + -4 + 1 + 7 + 2 + -10
16
(0 - (-4 - (2 + 1))) + -8
-1
What is -2 + (-1 - (-33 - -15)) + 19?
34
What is 14 + -11 + -1 + -2 + 8?
8
-6 - 0 - (-16 - (4 - 1 - 2))
11
Evaluate -48 + 65 + -3 + -7.
7
What is -138 + 139 + 2 + 8 - -6?
17
What is the value of (15 + 2 - (273 + -264)) + 4 + 0?
12
What is the value of 14 - 16 - -8 - (2 - -20)?
-16
Evaluate 192 + -169 - (-1 + 4 - -1).
19
(-28 - -41 - 23) + -2 + -5
-17
-16 + (6 + -11 + -6 - -20)
-7
What is the value of (-4 - -11 - 6) + -3 + 13 - -6?
17
Calculate (3 - (-3 - -9)) + (5 - 13).
-11
Calculate -1202 + 1162 - (0 + -38).
-2
163 - 168 - ((-2 - -4) + -1)
-6
Calculate (-6 - -3) + (7 - (4 - 4)).
4
What is the value of 31 + (-73 - -27) + 25?
10
What is (25 - -6 - 41) + -9?
-19
What is the value of -8 + (-19 - -17) - -7?
-3
Evaluate 23 + 1 + -290 + 282.
16
Calculate (-11 - (-20 - -17)) + -1 + 1 + 11.
3
What is 1 - (51 + -9 + -68)?
27
What is -2 + 3 + (-1 - (-12 - -1)) + -18?
-7
-22 + (-11 + 17 - (1 - 0)) + -1
-18
Evaluate -13 - (-91 - -93 - (-1 - (-1 - 1))).
-14
-42 - (10 + -8) - -36
-8
Calculate 15 - (-5 - (-18 + 22)).
24
Calculate 1 - -6 - (17 + 3 + -38 - -11).
14
What is the value of (1 - 1 - -5) + -18 + 9 + 8?
4
Evaluate 8 + -10 + (18 - 18) - (1 - 20).
17
6 + 12 + 16 - 13 - -14
35
What is the value of -17 + 1 - (17 + (28 + -11 - 43))?
-7
What is the value of (3 + -10 - 29) + 10 + -2?
-28
8 + 1 + -16 + -34 + 39
-2
What is the value of 0 + -4 - (-331 + 316) - -8?
19
-107 - -108 - ((1 - -1) + (7 - 13))
5
Calculate 10 + (-9 - -21) - (-19 + 32).
9
-6 - -7 - (6 + -2) - 1
-4
-42 + 32 + 5 - -17
12
(73 - 85) + (0 - 1 - -11)
-2
What is the value of -7 - (-16 + (-26 - -38))?
-3
What is the value of (-6 + -8 + 17 - 4) + -25 + 7?
-19
(-2 - -2) + (13 - 15